6 + 3
-5
What is the value of (1 - -3) + (4 - 7) + -6?
-5
-1 + -2 - -5 - 8
-6
What is -1 - (-24 + 15 + -2)?
10
Calculate (-1 - 3 - (-2 - 1)) + -3.
-4
What is -1 - (6 + (8 - 11))?
-4
What is the value of -2 - 0 - (-6 + 3 + 7)?
-6
What is 1 + 0 + -4 + -46 + 50?
1
What is 1 + (0 - 5 - (-2 - -3))?
-5
Evaluate 0 + 0 - (0 + 8 + -1).
-7
3 - (6 + -7 + 0 + 14)
-10
(1 - -4) + (7 - 9) - 6
-3
Calculate (2 + -8 - -1) + 9 + -7.
-3
Calculate (1 - (0 + 4)) + 3.
0
(9 - (1 + -1)) + 36 + -38
7
7 - (-3 + (8 - 0) + -3)
5
What is the value of -14 + (7 - -9) + -6?
-4
What is the value of 10 + -2 - (-11 + -2 - -16)?
5
-1 - -2 - -1 - (-1 - 0)
3
What is the value of 6 - (4 - (-2 - (-3 - -2)))?
1
Calculate -3 - ((12 - 18) + 2).
1
16 + -14 + -1 + 4
5
What is -3 - (2 - (1 - -4)) - 5?
-5
Evaluate 33 + -36 + (0 - (-2 - -10)).
-11
2 + -3 - (4 + -1 + -10)
6
What is the value of 6 + (-6 - (8 - 5))?
-3
0 - (-3 + 5 + 1 + -7)
4
Evaluate 0 - 2 - (-5 + 3 + -2).
2
What is 5 - (-1 - -1) - 4?
1
What is the value of -2 - -3 - (-7 + (-3 - -5))?
6
What is the value of -8 - (-20 + 8 - -9)?
-5
Evaluate -1 + (-11 - 0) - -5.
-7
What is 0 - (2 - 2) - -4?
4
Calculate 2 + (2 - 3) + 10 + -7.
4
(-5 - -3) + (0 - 5 - -4)
-3
Evaluate -6 + (12 - 6) + 3.
3
Calculate -3 - (-8 - 5) - 5.
5
What is 11 - 2 - (-8 + (-6 - -17))?
6
Calculate -8 + 14 + 4 + -3.
7
-4 + 8 - (-10 - -12)
2
Calculate (3 - -4) + -5 + 1.
3
What is -6 - (-8 + -5 + 13)?
-6
-12 + (1 - -1 - (0 + -3))
-7
What is 1 - 5 - (8 + (-21 - -9))?
0
What is the value of -9 - (0 - 2) - (9 - 11)?
-5
What is the value of (-3 - -1) + (2 - 10 - -5)?
-5
Evaluate -5 + 0 + (-2 - -1 - -1).
-5
Calculate -4 + 3 + -3 - (1 - 5).
0
Calculate -2 + -1 + 11 + -9.
-1
Evaluate 4 + (-2 - 3) + 2.
1
(-21 - (-6 - 5)) + 16
6
What is the value of -2 + -2 + 9 + -3?
2
Calculate 3 - (-1 + 3) - (-5 - -10).
-4
What is 6 + 3 + -4 + -7?
-2
Evaluate 3 - (-1 - (3 + -10)).
-3
What is the value of (0 - 4) + 9 - 14 - -3?
-6
Calculate -1 + 3 + -6 + 0 + 2.
-2
Evaluate 0 + -1 + -1 + (3 - -1).
2
What is the value of (-2 - 5 - -12 - 3) + 4?
6
Evaluate -1 + 3 + -4 + (-4 - -2).
-4
What is 0 - (-11 + 7 - (0 - -1))?
5
Calculate (1 - 6) + 0 + -2 + 6.
-1
(6 - (-1 + 3)) + (-5 - -4)
3
7 - (2 + (5 + -6 - 2))
8
Calculate (3 - 7) + 0 + -1.
-5
Calculate (14 - 8) + 2 + 1.
9
(0 - -2) + (2 - 0)
4
Evaluate -1 - -11 - (10 + -6).
6
What is (4 + -14 - -9) + 9?
8
Evaluate -27 + 22 + (4 + -2 - 2).
-5
6 - 26 - (-6 + -7)
-7
Evaluate 11 + 1 + -5 - 6.
1
-7 - (-1 + (-9 - (-6 + -1)))
-4
What is -11 - (11 - 14 - 1)?
-7
What is the value of 1 + -6 - (-2 + 1 - 1)?
-3
What is the value of -8 + 6 - (0 - (0 - -5))?
3
What is the value of (-3 + 1 - -6) + -73 + 74?
5
8 - 5 - 19 - -9
-7
-4 + -1 + (4 - (-3 - -5))
-3
Evaluate -2 + -2 + (3 + 1 - 5).
-5
What is (2 - 8) + (6 - (-7 + 9))?
-2
What is the value of -30 + 35 - (-2 + 2)?
5
Calculate 5 - 1 - (47 - 42).
-1
1 - ((-4 - -9) + -1)
-3
-1 + 0 + -14 - (-6 - 0)
-9
Calculate -1 - (10 + -12 - (2 + -2)).
1
Evaluate -16 + 15 - (-3 - (-3 + 4)).
3
Evaluate 1 + -1 + 1 + 2.
3
Evaluate (-14 - ((7 - 6) + -6)) + 5.
-4
What is the value of (-3 - (0 - -4)) + 6?
-1
What is the value of -3 + ((-1 - -1) + 4 - 4)?
-3
What is the value of -8 + 6 + -13 + -2 + 9?
-8
Calculate 0 + -2 + (-6 - -4 - 1).
-5
(-2 - 1 - -1) + (53 - 56)
-5
Evaluate -5 - (10 + -12 + (2 - 0)).
-5
-4 + (-2 - 5) + 24 + -4
9
(16 - 10) + (-5 - 0)
1
Evaluate 3 + -3 - (-12 + 17 - 1).
-4
What is the value of 3 + -1 - (19 - 14)?
-3
Evaluate -1 + (17 + -14 - (-1 - -8)).
-5
Evaluate (-12 - 0) + 0 + 6.
-6
Calculate (-7 - -2 - -4) + (0 - -2).
1
What is the value of (-6 - (3 + -3)) + 8?
2
What is the value of (-6 - (-15 - (-4 + -4))) + -10?
-9
What is the value of -1 + (8 - -1) + -4?
4
What is (2 - -2) + -4 + 1?
1
Evaluate 1 + -2 + (-5 - (-8 + 8)).
-6
Calculate 3 + (2 - 1 - 1) + 1.
4
(-14 - 2 - -8) + 7
-1
-3 + (-4 - (-4 + 2))
-5
Calculate 1 + (12 - 14) + -1.
-2
Evaluate -5 - (-8 + 10) - -8.
1
What is 2 + (4 - 9 - 3)?
-6
What is 26 + -30 - (-2 + 0)?
-2
What is the value of 3 - 10 - -4 - -6?
3
Evaluate -4 + 11 + 2 + -8 + 10.
11
Calculate -7 - -1 - (1 - 7 - -3).
-3
-2 - (5 - -2) - (-6 + 2)
-5
Calculate -13 - -10 - (-5 + 2).
0
What is the value of 0 - (0 + -2 + -2)?
4
2 - -2 - (-39 + 38)
5
Calculate (-2 - -4) + -4 - 1.
-3
What is the value of -12 - -14 - (-1 + 1)?
2
Evaluate -4 + -3 + -1 + -3 + 6.
-5
Evaluate 1 - 15 - (-102 + 93).
-5
What is the value of 6 + -11 - -12 - 1?
6
Evaluate 11 - (8 - 3) - -2 - 5.
3
Evaluate (-2 - -2 - -4) + 0.
4
-6 + 0 + (10 + 9 - 19)
-6
What is the value of (-2 - (2 + -1)) + 5 - -4?
6
-57 + 61 - (7 + 3)
-6
What is -4 + (-2 - -2) + 7 + 0?
3
-23 + 3 + -3 + 13
-10
Calculate 2 - (1 - (0 - 0)).
1
8 + -2 - (-68 + 67)
7
Calculate -1 - (9 - 15 - -4).
1
What is 0 - ((5 - 1) + (-7 - -1))?
2
What is (2 - (1 + -2)) + -2 + 2?
3
7 - 18 - (-3 + -4 + 1)
-5
What is 4 + 0 - (1 + 7)?
-4
What is the value of -1 - (4 + (-11 - -6) + -4)?
4
Calculate (8 - (13 + -3)) + 6.
4
-1 + 4 + (3 - (-1 - -4))
3
What is (1 - 2) + 3 + 2?
4
What is (1 - (-3 - -5)) + (1 - -1)?
1
Calculate 0 + (1 - (4 + 2 + -4)).
-1
-1 + (3 + -7 - -10) - 9
-4
Evaluate -8 + (-9 - -17) + 1 + -6.
-5
What is the value of 3 - (5 - 7 - 3)?
8
What is the value of (-2 - 1 - 3) + 11?
5
What is 5 + -5 - -4 - -2?
6
Evaluate -1 - (-1 + -1) - 5.
-4
-189 + 191 - (-6 - -1)
7
What is the value of -6 - (-6 + -13 + 8)?
5
What is -5 + (-1 - -3) - -5?
2
What is the value of 0 - -5 - -3 - 10?
-2
Calculate (-89 - -86) + (0 + 1 - -3).
1
-11 - (-9 + (-1 - (-5 + 0)))
-6
1 - (2 + 1 - 2)
0
Calculate 0 + 0 + -1 + (61 - 58).
2
Evaluate -4 - ((-6 - -2) + 2).
-2
1 + -8 - (-2 + 0)
-5
What is the value of (6 - (9 - 2)) + -4 + 1?
-4
Calculate 4 + -5 + -4 + 2.
-3
What is -1 + (5 + -4 - 2) - -5?
3
What is the value of -1 + (-6 - -7 - 2)?
-2
What is 14 + (-13 - 7) + 5?
-1
Calculate -7 - -10 - (-2 + (2 - 1)).
4
What is the value of (3 - -11 - 3) + -3?
8
What is -29 - -45 - (-2 - -12)?
6
Calculate 5 + (-4 - 0) - (4 + -1).
-2
Evaluate 2 - -2 - (-1 + 6 - 1).
0
What is the value of (-2 - -1) + -10 + 14?
3
Calculate (1 - 10) + (7 - (3 - 0)).
-5
-3 - -2 - -6 - (-1 + 0)
6
What is the value of (-5 - (-5 - 3)) + -4 + -5?
-6
-10 - (-2 + -13 + 6 + 6)
-7
What is 0 - 0 - (6 + 0 + -2)?
-4
What is -1 + 1 - (-3 + (11 - 6))?
-2
-12 - -19 - (-1 + 6) - -1
3
Evaluate -6 + -10 + 10 - (1 - 4).
-3
What is -4 - (9 - (1 + (1 - -3)))?
-8
Calculate -20 + (12 - 3) + 5.
-6
-2 - 0 - (88 - 86)
-4
Calculate 8 - ((1 - 7) + 5 + 4).
5
Evaluate -6 - -4 - (-7 - -2).
3
-3 + (-3 - -1) + 4 + 3
2
Calculate 5 - 3 - (11 - (-1 - -5)).
-5
Calculate (-5 - -16) + (-2 - 3) + -5.
1
What is -2 - ((4 - 0) + 3 + -6)?
-3
What is the value of (2 - 0) + 1 - (5 + 2)?
-4
What is the value of 5 - ((0 + 2 - 3) + 5)?
1
2 + 2 + (-6 - -8)
6
What is 3 + -4 + (2 - (0 - 0))?
1
2 + 5 + -5 + -3
-1
Calculate -4 - (3 - 7) - 0.
0
Calculate (1 + 3 - (-18 - -21)) + 1.
2
What is the value of (1 - (0 - -1)) + 4?
4
Evaluate 10 - (-10 - (1 - 14)).
7
Evaluate (1 - (0 + 6)) + 23 + -22.
-4
What is -26 + 16 - (-1 - 5)?
-4
What is (-5 - 4) + 6 - -6?
3
What is 8 + -2 + -7 + -3?
-4
-4 - (-6 + 9) - -5
-2
Calculate -13 + 12 + -5 + 6.
0
Calculate 9 + 2 + (-4 - -4 - 7).
4
8 + -10 + 4 + -1
1
Evaluate (0 - (0 - -6)) + 1 + 6.
1
-6 + 0 + (6 - -5)
5
What is 33 + -18 + -2 + -5?
8
Calculate -2 + 0 + (58 - 54) + 4.
6
What is the value of -4 + (2 - -3) + -1?
0
What is the value of 6 + (-5 + (-3 - -1) - 0)?
-1
What is (-2 - 0) + -4 - -1 - -1?
-4
What is 5 - (-7 + 4 + 12 + -5)?
1
Evaluate 4 - 14 - -2 - -4.
-4
(15 + -25 - -17) + (0 - 0)
7
What is the value of 6 - 2 - (-2 + (4 - 2))?
4
Evaluate 2 - 2 - (-2 - -2 - -3).
-3
Calculate -4 + 2 - (-4 + 5).
-3
What is (-2 - -6 - 8) + 0?
-4
What is the value of 1 - (-3 - (-6 + 0))?
-2
Evaluate 1 + 25 + -30 + 8 + 0.
4
What is the value of -2 + (0 - 1 - -3)?
0
Calculate 0 + -5 + 6 + -11 - -8.
-2
What is 0 + (2 - (2 + -5 + 5))?
0
-7 + 4 + -3 + (0 - -4)
-2
What is the value of (-1 - (-7 - -4)) + 1?
3
Calculate -7 + 0 - (-6 + -2).
1
1 - (0 + -1 + 4 + -7)
5
Calculate 7 - (4 + 16) - -7.
-6
-7 + (10 - (1 + -1))
3
Calculate 1 + -1 - (-3 + 1).
2
Calculate -4 - 3 - -4 - -4.
1
What is -3 + 4 + -4 + 2?
-1
What is (-16 - -24) + -19 + 5?
-6
What is the value of 2 + -3 + (1 - (-2 - 2))?
4
What is -4 + -1 + 8 + 0?
3
-6 + 5 - (-4 - 2)
5
Calculate 2 - ((3 - 3) + 6 - 0).
-4
What i